5 prime?
False
Is 4389191 a prime number?
True
Is 47313627 composite?
True
Is 19007531 a composite number?
True
Is 6587477 prime?
False
Is 31702439 prime?
True
Is 328399649 composite?
False
Is 257153723 composite?
True
Is 54057931 a prime number?
False
Is 23143849 composite?
False
Is 6393869 a composite number?
False
Is 27180851 composite?
False
Is 16738879 a composite number?
False
Is 14447317 prime?
False
Is 3534731 prime?
True
Is 182893933 a prime number?
True
Is 139333 a composite number?
False
Is 17318123 a prime number?
True
Is 109210481 a composite number?
False
Is 770227 prime?
True
Is 18769153 composite?
True
Is 2723369 composite?
True
Is 8736263 composite?
False
Is 1130777 a prime number?
True
Is 17701235 composite?
True
Is 26869633 prime?
False
Is 81747931 composite?
False
Is 1414913 prime?
True
Is 8588509 a prime number?
False
Is 15933651 composite?
True
Is 703755881 composite?
False
Is 1256380577 composite?
False
Is 24575191 a prime number?
True
Is 176934083 prime?
False
Is 48508739 composite?
True
Is 8139863 prime?
False
Is 10853341 prime?
True
Is 27437429 a composite number?
True
Is 21277293 prime?
False
Is 73658087 prime?
True
Is 77497829 a prime number?
True
Is 1030411 composite?
False
Is 6033883 composite?
False
Is 1578133 a prime number?
True
Is 40590353 prime?
True
Is 1085503 prime?
False
Is 45930463 a prime number?
True
Is 1360007 a prime number?
False
Is 16213969 composite?
False
Is 9577553 composite?
True
Is 542411 a prime number?
False
Is 3619102 prime?
False
Is 127555229 a prime number?
True
Is 7397609 a prime number?
True
Is 75868103 prime?
True
Is 2808959 a composite number?
False
Is 620993 prime?
False
Is 5174143 a composite number?
True
Is 363355 composite?
True
Is 2630197 prime?
True
Is 1339297 a composite number?
False
Is 6966947 a prime number?
False
Is 69770113 a composite number?
True
Is 163065493 composite?
True
Is 16050631 composite?
False
Is 6426569 prime?
True
Is 1376581 a prime number?
False
Is 10943213 composite?
False
Is 707347 prime?
False
Is 20198479 a composite number?
True
Is 5321959 a composite number?
False
Is 2614889 composite?
True
Is 1610021 a composite number?
True
Is 8755315 prime?
False
Is 10289941 composite?
False
Is 7799331 composite?
True
Is 1018895601 prime?
False
Is 213713 a prime number?
True
Is 11334821 a prime number?
True
Is 99599407 a prime number?
False
Is 129918983 a prime number?
True
Is 48437 a prime number?
True
Is 830289 a prime number?
False
Is 247931 prime?
False
Is 1671803 prime?
False
Is 409658177 a composite number?
False
Is 17677457 a prime number?
False
Is 18115681 composite?
True
Is 272342359 a prime number?
False
Is 7942117 a composite number?
False
Is 43025537 a prime number?
False
Is 4053229 composite?
False
Is 50440793 a prime number?
False
Is 210088001 prime?
True
Is 34466105 a composite number?
True
Is 181090073 a prime number?
True
Is 1929799 prime?
False
Is 8502161 a composite number?
False
Is 307609 prime?
True
Is 78373387 prime?
True
Is 1699453 prime?
False
Is 847921 a composite number?
True
Is 681233891 prime?
False
Is 184474817 a composite number?
False
Is 10004933 prime?
False
Is 446371631 prime?
True
Is 10179933 composite?
True
Is 1906227919 a composite number?
False
Is 71466959 a prime number?
True
Is 9654551 a prime number?
False
Is 1896943 composite?
True
Is 50304311 prime?
True
Is 422969 a prime number?
True
Is 91475453 prime?
False
Is 9422599 a composite number?
False
Is 9247283 prime?
True
Is 419028629 composite?
False
Is 40211 a prime number?
False
Is 12789893 a prime number?
True
Is 8179715 a prime number?
False
Is 6693277 a prime number?
True
Is 1615927 a composite number?
True
Is 9044803 a prime number?
False
Is 17086499 a composite number?
False
Is 4374647 composite?
False
Is 58074059 a prime number?
False
Is 1570535 composite?
True
Is 301259549 prime?
True
Is 159387901 composite?
True
Is 3484553 a composite number?
True
Is 5768317 prime?
True
Is 581215629 prime?
False
Is 21209393 a composite number?
False
Is 11774557 composite?
True
Is 126079 composite?
False
Is 51877207 a composite number?
False
Is 38790733 composite?
False
Is 37969843 composite?
True
Is 6611699 a composite number?
False
Is 201917119 prime?
False
Is 26051 prime?
False
Is 156451 a prime number?
False
Is 229464913 a prime number?
True
Is 16900279 prime?
False
Is 201018017 a prime number?
False
Is 2015717 a prime number?
False
Is 10810739 composite?
False
Is 27868097 prime?
True
Is 6383501 composite?
True
Is 25774537 prime?
False
Is 5489501 a prime number?
True
Is 16085473 composite?
True
Is 149213 a prime number?
True
Is 34208693 composite?
True
Is 768191 a prime number?
True
Is 14929039 prime?
True
Is 827251 a prime number?
True
Is 996953 composite?
False
Is 555113 composite?
True
Is 54389639 a prime number?
True
Is 28764091 prime?
True
Is 18866395 composite?
True
Is 1960493 composite?
False
Is 2222107 composite?
True
Is 14335333 prime?
True
Is 169764937 a composite number?
False
Is 19200367 prime?
False
Is 190834363 composite?
False
Is 4511977 prime?
False
Is 350843 composite?
False
Is 30514853 a composite number?
False
Is 1785419 a composite number?
False
Is 398681 a prime number?
True
Is 84304147 composite?
False
Is 1874461 prime?
True
Is 2047385 a composite number?
True
Is 3886229 prime?
True
Is 4068749 a composite number?
False
Is 41094407 a composite number?
False
Is 156821543 prime?
False
Is 1393913 composite?
False
Is 6292807 a composite number?
False
Is 68325383 a prime number?
False
Is 1154561 a composite number?
False
Is 8204723 a composite number?
True
Is 63107609 prime?
False
Is 133727 a composite number?
True
Is 22067599 a composite number?
False
Is 316493 a prime number?
True
Is 11313983 prime?
False
Is 1855843 a prime number?
False
Is 8159555 a composite number?
True
Is 295536779 prime?
True
Is 191562869 prime?
True
Is 6976729 composite?
False
Is 748361 a prime number?
True
Is 1356673 a prime number?
False
Is 24613027 a prime number?
True
Is 66044443 prime?
True
Is 39622237 composite?
True
Is 145669501 composite?
True
Is 23454159 a prime number?
False
Is 8267863 a composite number?
True
Is 14825578 a prime number?
False
Is 7238057 a prime number?
True
Is 6843199 a composite number?
True
Is 1469621 prime?
True
Is 177366743 prime?
False
Is 167503 a composite number?
True
Is 16092403 composite?
False
Is 8090497 composite?
False
Is 56569 prime?
True
Is 19238377 prime?
False
Is 1836727 prime?
True
Is 3220067 a composite number?
True
Is 1077017 prime?
True
Is 11280487 composite?
True
Is 4558487 a composite number?
False
Is 2370937 a composite number?
False
Is 1761161 a composite number?
False
Is 246763 a prime number?
False
Is 1756009 prime?
True
Is 3506663 prime?
True
Is 117773503 a composite number?
False
Is 8997587 a composite number?
False
Is 100960381 a composite number?
True
Is 2719697 prime?
False
Is 19024459 a composite number?
True
Is 3727837 a composite number?
False
Is 3810979 a prime number?
True
Is 37660141 composite?
False
Is 4670933 a prime number?
False
Is 16374253 a composite number?
True
Is 5800237 prime?
True
Is 17262421 composite?
True
Is 78107 prime?
False
Is 8323763 a prime number?
False
Is 99319271 composite?
True
Is 3103931 prime?
False
Is 8440499 a composite number?
False
Is 164148997 a composite number?
False
Is 286243 prime?
True
Is 1633447 composite?
False
Is 12928103 composite?
False
Is 26827763 prime?
True
Is 1958063 composite?
False
Is 706417 a composite number?
False
Is 110679677 a composite number?
True
Is 4386791 prime?
False
Is 9685981 prime?
False
Is 21784915 prime?
False
Is 551113 composite?
False
Is 232801 a composite number?
False
Is 13437103 composite?
False
Is 142803809 prime?
True
Is 364773 composite?
True
Is 75214099 composite?
True
Is 6747254 composite?
True
Is 7790663 a composite number?
True
Is 22534999 prime?
True
Is 6821069 a prime number?
False
Is 800939 composite?
True
Is 4135717 a prime number?
True
Is 2098774 a composite number?
True
Is 311902151 composite?
True
Is 11916937 composite?
True
Is 5159321 a composite number?
False
Is 1883563 prime?
False
Is 510953 a composite number?
True
Is 20504353 composite?
False
Is 137751811 a composite number?
True
Is 147227719 composite?
False
Is 399005 composite?
True
Is 74